{"id":72,"date":"2022-02-09T00:50:24","date_gmt":"2022-02-09T00:50:24","guid":{"rendered":"http:\/\/radiomangle.org\/radiomangle.org\/?page_id=72"},"modified":"2023-05-16T10:40:15","modified_gmt":"2023-05-16T16:40:15","slug":"quienes-somos","status":"publish","type":"page","link":"https:\/\/radiomangle.org\/radiomangle.org\/quienes-somos\/","title":{"rendered":"\u00bfQui\u00e9nes Somos?"},"content":{"rendered":"<body>\n<p class=\"has-text-align-center\"><strong>Misi\u00f3n<\/strong> <\/p>\n\n\n\n<p>Ser un medio alternativo y comunitario, que impulsa la comunicaci\u00f3n libre, plural y popular; que acompa\u00f1a a las comunidades en procesos de incidencia y de promoci\u00f3n de pol\u00edticas p\u00fablicas que buscan mejorar la calidad de vida de la poblaci\u00f3n.<\/p>\n\n\n\n<p class=\"has-text-align-center\"><strong>Visi\u00f3n<\/strong><\/p>\n\n\n\n<p>Somos un medio de comunicaci\u00f3n alternativo y comunitario, referente a nivel local y nacional que trabaja junto a las comunidades para crear contenidos educativos, informativos y de entretenimiento, orientados a construir y practicar la filosof\u00eda del buen vivir.<\/p>\n\n\n\n<p class=\"has-text-align-center\"><strong>Valores<\/strong><\/p>\n\n\n\n<p>Los valores que identifican a radio mangle son los siguientes:<\/p>\n\n\n\n<p><strong>Respeto, solidaridad, igualdad, responsabilidad y organizaci\u00f3n.<\/strong><\/p>\n\n\n\n<p>Nuestro medio tiene como prioridad el <strong>respeto<\/strong> a los derechos humanos y entre ellos la<strong> igualdad<\/strong> de g\u00e9nero, tambi\u00e9n concientizamos en protecci\u00f3n y cuido del medio ambiente dando nuevas alternativas viables, a trav\u00e9s de nuestra programaci\u00f3n.<\/p>\n\n\n\n<p>Nuestra <strong>responsabilidad<\/strong> es educar, formar y entretener a trav\u00e9s de una programaci\u00f3n variada e integral, teniendo como base la <strong>organizaci\u00f3n<\/strong> de las comunidades, <strong>respeto<\/strong> a la diversidad de culturas y creencias para crear un ambiente de armon\u00eda y solidaridad, encaminados la construcci\u00f3n del Buen Vivir.<\/p>\n\n\n\n<h1 class=\"wp-block-heading has-text-align-center\" id=\"nuestra-historia\"><strong>Nuestra Historia<\/strong><\/h1>\n\n\n\n<p>Desde sus inicios en el a\u00f1o 2000 posterior al hurac\u00e1n Mitch (1998), radio Mangle nace como proyecto y se constituye como un instrumento de informaci\u00f3n valioso para las comunidades que forman parte de la Coordinadora del Bajo Lempa y Asociaci\u00f3n Mangle en cada uno de sus programas de trabajo.<br>La Coordinadora del Bajo Lempa, desde su Visi\u00f3n de trabajar por el desarrollo de las Comunidades, fue la gestora de fundar una Radio Comunitaria que deber\u00eda asumir diferentes funciones y responsabilidades.<br>En primer lugar, la radio deb\u00eda constituirse en un instrumento para la educaci\u00f3n, cultura, medio ambiente, formaci\u00f3n de principios y valores; que contribuyera a las transformaciones necesarias para el desarrollo de las comunidades; en segundo lugar, en un instrumento para capacitar y desarrollar habilidades t\u00e9cnicas; que le permitieran a las comunidades trabajar en la transformaci\u00f3n de su entorno; y en tercer lugar, ser parte del sistema de Alerta Local Temprana que le permitiera a las comunidades actuar en respuesta a riesgos y amenazas constantes de la zona del Bajo Lempa.<br>Como idea inicial el proyecto de Radio Mangle, se desarroll\u00f3 una serie de acciones entre las que se destacaron: procesos de formaci\u00f3n y capacitaci\u00f3n t\u00e9cnica, dirigida a j\u00f3venes provenientes de las comunidades que son parte de la estructura organizativa y tejido social de la coordinadora, como parte de este proceso se seleccion\u00f3 a 35 j\u00f3venes quienes estuvieron recibiendo capacitaciones desde el a\u00f1o 2000, en que el proyecto de radio se comenz\u00f3 a gestionar y mientras avanzaba las gestiones de fondos para comprar los equipos, simult\u00e1neamente los j\u00f3venes se estaban preparando en todos los temas b\u00e1sicos de funcionabilidad de una radio comunitaria.<br>Mencionar que Radio Maya Visi\u00f3n 106.9 FM, jugo un papel muy importante en los inicios de la Radio Mangle, ya que comparti\u00f3 con sus conocimientos por medio de Guido Flores quien ense\u00f1aba lo b\u00e1sico de c\u00f3mo hablar en la radio y otras t\u00e9cnicas de trabajo radial.<br>Para transmitir, radio Mangle; radio Maya Visi\u00f3n le pidi\u00f3 a la SIGET que le diera una porci\u00f3n del espectro radioel\u00e9ctrico a radio Mangle para que funcionara en el 106.9 FM, con enlaces desde la Coordinadora del Bajo Lempa donde estaba la cabina y el transmisor central estaba en San Nicol\u00e1s lempa y que eso permitir\u00eda cubrir la zona sur de los municipios de Jiquilisco en Usulut\u00e1n y Tecoluca en San Vicente.<br>Fue hasta el mes de junio del a\u00f1o 2003 que se inician de manera oficial las transmisiones desde las 5 de la ma\u00f1ana hasta las 8 de la noche, desde entonces se cuenta con equipo b\u00e1sico (t\u00e9cnico) y el talento humano para la transmisi\u00f3n.<br>La radio puso en pr\u00e1ctica para lo que fue creada con el paso del hurac\u00e1n Stan en el a\u00f1o 2005, radio Mangle transmiti\u00f3 las 24 horas durante la emergencia, manten\u00eda informadas a las comunidades de las descargas que hacia la presa 15 de septiembre la m\u00e1s pr\u00f3xima a los asentamientos de las comunidades del bajo Lempa en ambos m\u00e1rgenes del rio Lempa,<\/p>\n<\/body>","protected":false},"excerpt":{"rendered":"<p>Misi\u00f3n Ser un medio alternativo y comunitario, que impulsa la comunicaci\u00f3n libre, plural y popular; que acompa\u00f1a a las comunidades en procesos de incidencia y de promoci\u00f3n de pol\u00edticas p\u00fablicas que buscan mejorar la calidad de vida de la poblaci\u00f3n. Visi\u00f3n Somos un medio de comunicaci\u00f3n alternativo y comunitario, referente a nivel local y nacional [&hellip;]<\/p>\n","protected":false},"author":1,"featured_media":0,"parent":0,"menu_order":0,"comment_status":"closed","ping_status":"closed","template":"","meta":{"om_disable_all_campaigns":false,"pagelayer_contact_templates":[],"_pagelayer_content":"","footnotes":""},"class_list":["post-72","page","type-page","status-publish","hentry"],"jetpack_sharing_enabled":true,"_links":{"self":[{"href":"https:\/\/radiomangle.org\/radiomangle.org\/wp-json\/wp\/v2\/pages\/72","targetHints":{"allow":["GET"]}}],"collection":[{"href":"https:\/\/radiomangle.org\/radiomangle.org\/wp-json\/wp\/v2\/pages"}],"about":[{"href":"https:\/\/radiomangle.org\/radiomangle.org\/wp-json\/wp\/v2\/types\/page"}],"author":[{"embeddable":true,"href":"https:\/\/radiomangle.org\/radiomangle.org\/wp-json\/wp\/v2\/users\/1"}],"replies":[{"embeddable":true,"href":"https:\/\/radiomangle.org\/radiomangle.org\/wp-json\/wp\/v2\/comments?post=72"}],"version-history":[{"count":5,"href":"https:\/\/radiomangle.org\/radiomangle.org\/wp-json\/wp\/v2\/pages\/72\/revisions"}],"predecessor-version":[{"id":175,"href":"https:\/\/radiomangle.org\/radiomangle.org\/wp-json\/wp\/v2\/pages\/72\/revisions\/175"}],"wp:attachment":[{"href":"https:\/\/radiomangle.org\/radiomangle.org\/wp-json\/wp\/v2\/media?parent=72"}],"curies":[{"name":"wp","href":"https:\/\/api.w.org\/{rel}","templated":true}]}}

¿Quiénes Somos?

<body>
<p class="has-text-align-center"><strong>Misión</strong> </p>



<p>Ser un medio alternativo y comunitario, que impulsa la comunicación libre, plural y popular; que acompaña a las comunidades en procesos de incidencia y de promoción de políticas públicas que buscan mejorar la calidad de vida de la población.</p>



<p class="has-text-align-center"><strong>Visión</strong></p>



<p>Somos un medio de comunicación alternativo y comunitario, referente a nivel local y nacional que trabaja junto a las comunidades para crear contenidos educativos, informativos y de entretenimiento, orientados a construir y practicar la filosofía del buen vivir.</p>



<p class="has-text-align-center"><strong>Valores</strong></p>



<p>Los valores que identifican a radio mangle son los siguientes:</p>



<p><strong>Respeto, solidaridad, igualdad, responsabilidad y organización.</strong></p>



<p>Nuestro medio tiene como prioridad el <strong>respeto</strong> a los derechos humanos y entre ellos la<strong> igualdad</strong> de género, también concientizamos en protección y cuido del medio ambiente dando nuevas alternativas viables, a través de nuestra programación.</p>



<p>Nuestra <strong>responsabilidad</strong> es educar, formar y entretener a través de una programación variada e integral, teniendo como base la <strong>organización</strong> de las comunidades, <strong>respeto</strong> a la diversidad de culturas y creencias para crear un ambiente de armonía y solidaridad, encaminados la construcción del Buen Vivir.</p>



<h1 class="wp-block-heading has-text-align-center" id="nuestra-historia"><strong>Nuestra Historia</strong></h1>



<p>Desde sus inicios en el año 2000 posterior al huracán Mitch (1998), radio Mangle nace como proyecto y se constituye como un instrumento de información valioso para las comunidades que forman parte de la Coordinadora del Bajo Lempa y Asociación Mangle en cada uno de sus programas de trabajo.<br>La Coordinadora del Bajo Lempa, desde su Visión de trabajar por el desarrollo de las Comunidades, fue la gestora de fundar una Radio Comunitaria que debería asumir diferentes funciones y responsabilidades.<br>En primer lugar, la radio debía constituirse en un instrumento para la educación, cultura, medio ambiente, formación de principios y valores; que contribuyera a las transformaciones necesarias para el desarrollo de las comunidades; en segundo lugar, en un instrumento para capacitar y desarrollar habilidades técnicas; que le permitieran a las comunidades trabajar en la transformación de su entorno; y en tercer lugar, ser parte del sistema de Alerta Local Temprana que le permitiera a las comunidades actuar en respuesta a riesgos y amenazas constantes de la zona del Bajo Lempa.<br>Como idea inicial el proyecto de Radio Mangle, se desarrolló una serie de acciones entre las que se destacaron: procesos de formación y capacitación técnica, dirigida a jóvenes provenientes de las comunidades que son parte de la estructura organizativa y tejido social de la coordinadora, como parte de este proceso se seleccionó a 35 jóvenes quienes estuvieron recibiendo capacitaciones desde el año 2000, en que el proyecto de radio se comenzó a gestionar y mientras avanzaba las gestiones de fondos para comprar los equipos, simultáneamente los jóvenes se estaban preparando en todos los temas básicos de funcionabilidad de una radio comunitaria.<br>Mencionar que Radio Maya Visión 106.9 FM, jugo un papel muy importante en los inicios de la Radio Mangle, ya que compartió con sus conocimientos por medio de Guido Flores quien enseñaba lo básico de cómo hablar en la radio y otras técnicas de trabajo radial.<br>Para transmitir, radio Mangle; radio Maya Visión le pidió a la SIGET que le diera una porción del espectro radioeléctrico a radio Mangle para que funcionara en el 106.9 FM, con enlaces desde la Coordinadora del Bajo Lempa donde estaba la cabina y el transmisor central estaba en San Nicolás lempa y que eso permitiría cubrir la zona sur de los municipios de Jiquilisco en Usulután y Tecoluca en San Vicente.<br>Fue hasta el mes de junio del año 2003 que se inician de manera oficial las transmisiones desde las 5 de la mañana hasta las 8 de la noche, desde entonces se cuenta con equipo básico (técnico) y el talento humano para la transmisión.<br>La radio puso en práctica para lo que fue creada con el paso del huracán Stan en el año 2005, radio Mangle transmitió las 24 horas durante la emergencia, mantenía informadas a las comunidades de las descargas que hacia la presa 15 de septiembre la más próxima a los asentamientos de las comunidades del bajo Lempa en ambos márgenes del rio Lempa,</p>
</body>

<p>Misión Ser un medio alternativo y comunitario, que impulsa la comunicación libre, plural y popular; que acompaña a las comunidades en procesos de incidencia y de promoción de políticas públicas que buscan mejorar la calidad de vida de la población. Visión Somos un medio de comunicación alternativo y comunitario, referente a nivel local y nacional [&hellip;]</p>
