{"id":164,"date":"2023-05-08T19:20:42","date_gmt":"2023-05-09T01:20:42","guid":{"rendered":"http:\/\/radiomangle.org\/radiomangle.org\/?page_id=164"},"modified":"2023-05-16T08:22:44","modified_gmt":"2023-05-16T14:22:44","slug":"galeria-de-videos","status":"publish","type":"page","link":"https:\/\/radiomangle.org\/radiomangle.org\/galeria-de-videos\/","title":{"rendered":"Galer\u00eda de Videos"},"content":{"rendered":"<body>\n<h3 class=\"wp-block-heading\">Festival del Mara\u00f1\u00f3n en el Cant\u00f3n Isla Montecristo<\/h3>\n\n\n\n<figure class=\"wp-block-embed is-type-video is-provider-youtube wp-block-embed-youtube wp-embed-aspect-16-9 wp-has-aspect-ratio\"><div class=\"wp-block-embed__wrapper\">\n<iframe loading=\"lazy\" title=\"PRIMER FESTIVAL DEL MARA\u00d1ON EN ISLA MONTECRISTO\" width=\"640\" height=\"360\" src=\"https:\/\/www.youtube.com\/embed\/mHfkKxIyIRM?start=2&amp;feature=oembed\" frameborder=\"0\" allow=\"accelerometer; autoplay; clipboard-write; encrypted-media; gyroscope; picture-in-picture; web-share\" referrerpolicy=\"strict-origin-when-cross-origin\" allowfullscreen><\/iframe>\n<\/div><\/figure>\n\n\n\n<h3 class=\"wp-block-heading\">Campa\u00f1a de Limpieza en el Cant\u00f3n Isla Montecristo, Playa Los Negros<\/h3>\n\n\n\n<figure class=\"wp-block-embed is-type-rich is-provider-gestor-del-servicio wp-block-embed-gestor-del-servicio wp-embed-aspect-16-9 wp-has-aspect-ratio\"><div class=\"wp-block-embed__wrapper\">\n<iframe loading=\"lazy\" title=\"Campa\u00f1a de Limpieza Comunidad Isla Montecristo\" width=\"640\" height=\"360\" src=\"https:\/\/www.youtube.com\/embed\/VhmM9mm1J58?feature=oembed\" frameborder=\"0\" allow=\"accelerometer; autoplay; clipboard-write; encrypted-media; gyroscope; picture-in-picture; web-share\" referrerpolicy=\"strict-origin-when-cross-origin\" allowfullscreen><\/iframe>\n<\/div><\/figure>\n\n\n\n<p> <\/p>\n\n\n\n<h2 class=\"wp-block-heading\">22 de Marzo D\u00eda Mundial del Agua<\/h2>\n\n\n\n<figure class=\"wp-block-embed is-type-video is-provider-youtube wp-block-embed-youtube wp-embed-aspect-4-3 wp-has-aspect-ratio\"><div class=\"wp-block-embed__wrapper\">\n<iframe loading=\"lazy\" title=\"22 de marzo es el D\u00eda Mundial del agua.\" width=\"640\" height=\"480\" src=\"https:\/\/www.youtube.com\/embed\/0LeO-B8aI4U?start=14&amp;feature=oembed\" frameborder=\"0\" allow=\"accelerometer; autoplay; clipboard-write; encrypted-media; gyroscope; picture-in-picture; web-share\" referrerpolicy=\"strict-origin-when-cross-origin\" allowfullscreen><\/iframe>\n<\/div><\/figure>\n<\/body>","protected":false},"excerpt":{"rendered":"<p>Festival del Mara\u00f1\u00f3n en el Cant\u00f3n Isla Montecristo Campa\u00f1a de Limpieza en el Cant\u00f3n Isla Montecristo, Playa Los Negros 22 de Marzo D\u00eda Mundial del Agua<\/p>\n","protected":false},"author":1,"featured_media":0,"parent":0,"menu_order":0,"comment_status":"open","ping_status":"closed","template":"","meta":{"om_disable_all_campaigns":false,"pagelayer_contact_templates":[],"_pagelayer_content":"","footnotes":""},"class_list":["post-164","page","type-page","status-publish","hentry"],"jetpack_sharing_enabled":true,"_links":{"self":[{"href":"https:\/\/radiomangle.org\/radiomangle.org\/wp-json\/wp\/v2\/pages\/164","targetHints":{"allow":["GET"]}}],"collection":[{"href":"https:\/\/radiomangle.org\/radiomangle.org\/wp-json\/wp\/v2\/pages"}],"about":[{"href":"https:\/\/radiomangle.org\/radiomangle.org\/wp-json\/wp\/v2\/types\/page"}],"author":[{"embeddable":true,"href":"https:\/\/radiomangle.org\/radiomangle.org\/wp-json\/wp\/v2\/users\/1"}],"replies":[{"embeddable":true,"href":"https:\/\/radiomangle.org\/radiomangle.org\/wp-json\/wp\/v2\/comments?post=164"}],"version-history":[{"count":4,"href":"https:\/\/radiomangle.org\/radiomangle.org\/wp-json\/wp\/v2\/pages\/164\/revisions"}],"predecessor-version":[{"id":171,"href":"https:\/\/radiomangle.org\/radiomangle.org\/wp-json\/wp\/v2\/pages\/164\/revisions\/171"}],"wp:attachment":[{"href":"https:\/\/radiomangle.org\/radiomangle.org\/wp-json\/wp\/v2\/media?parent=164"}],"curies":[{"name":"wp","href":"https:\/\/api.w.org\/{rel}","templated":true}]}}

Galería de Videos

<body>
<h3 class="wp-block-heading">Festival del Marañón en el Cantón Isla Montecristo</h3>



<figure class="wp-block-embed is-type-video is-provider-youtube wp-block-embed-youtube wp-embed-aspect-16-9 wp-has-aspect-ratio"><div class="wp-block-embed__wrapper">
<iframe loading="lazy" title="PRIMER FESTIVAL DEL MARAÑON EN ISLA MONTECRISTO" width="640" height="360" src="https://www.youtube.com/embed/mHfkKxIyIRM?start=2&amp;feature=oembed" frameborder="0" allow="accelerometer; autoplay; clipboard-write; encrypted-media; gyroscope; picture-in-picture; web-share" referrerpolicy="strict-origin-when-cross-origin" allowfullscreen></iframe>
</div></figure>



<h3 class="wp-block-heading">Campaña de Limpieza en el Cantón Isla Montecristo, Playa Los Negros</h3>



<figure class="wp-block-embed is-type-rich is-provider-gestor-del-servicio wp-block-embed-gestor-del-servicio wp-embed-aspect-16-9 wp-has-aspect-ratio"><div class="wp-block-embed__wrapper">
<iframe loading="lazy" title="Campaña de Limpieza Comunidad Isla Montecristo" width="640" height="360" src="https://www.youtube.com/embed/VhmM9mm1J58?feature=oembed" frameborder="0" allow="accelerometer; autoplay; clipboard-write; encrypted-media; gyroscope; picture-in-picture; web-share" referrerpolicy="strict-origin-when-cross-origin" allowfullscreen></iframe>
</div></figure>



<p> </p>



<h2 class="wp-block-heading">22 de Marzo Día Mundial del Agua</h2>



<figure class="wp-block-embed is-type-video is-provider-youtube wp-block-embed-youtube wp-embed-aspect-4-3 wp-has-aspect-ratio"><div class="wp-block-embed__wrapper">
<iframe loading="lazy" title="22 de marzo es el Día Mundial del agua." width="640" height="480" src="https://www.youtube.com/embed/0LeO-B8aI4U?start=14&amp;feature=oembed" frameborder="0" allow="accelerometer; autoplay; clipboard-write; encrypted-media; gyroscope; picture-in-picture; web-share" referrerpolicy="strict-origin-when-cross-origin" allowfullscreen></iframe>
</div></figure>
</body>

<p>Festival del Marañón en el Cantón Isla Montecristo Campaña de Limpieza en el Cantón Isla Montecristo, Playa Los Negros 22 de Marzo Día Mundial del Agua</p>
